What is the greatest common factor of 18 and t?
18
Let f(i) = -2*i**3 + 5*i**2 + 5*i + 7. Let w be f(3). What is the highest common factor of w and 39?
13
Let z be 1/(-3)*-1*561. Let c = z + -169. Calculate the highest common factor of 198 and c.
18
Let c be 33/6*16/20*5. Calculate the highest common factor of 165 and c.
11
Let a(o) = -o + 6. Let t be a(3). Let g be 36/t*2/(-3). Let c(n) = n + 15. Let f be c(g). What is the highest common divisor of 35 and f?
7
Suppose -4 = -0*v - 2*v. Suppose v*c + 330 = 3*q, 83 = -2*q + 2*c + 303. What is the greatest common factor of 10 and q?
10
Let o be ((-9)/(18/(-64)))/1. Calculate the greatest common divisor of 688 and o.
16
Let l(r) = -r**2 - 7*r - 9. Let f be l(-4). Suppose -36 = -6*k + f*k. What is the highest common divisor of k and 96?
12
Suppose 0 = -n - 17 + 74. Suppose 0 = -4*y + v - 6*v + 54, -5*y - v + n = 0. What is the greatest common divisor of 33 and y?
11
Suppose 0 = 5*t + f + 22 - 123, -f - 67 = -3*t. Let x = t - 12. Calculate the highest common factor of 9 and x.
9
Suppose -2*z + 25 = -y, 4*z = -5*y + 6*y + 53. What is the highest common factor of 378 and z?
14
Let r(j) = -j**3 + 49*j**2 - 44*j - 156. Let w be r(48). Suppose -2*x = 3*x - 120. What is the highest common factor of w and x?
12
Let t(k) = -k - 1. Let a(j) = -2*j - 2. Let r(d) = -a(d) - 2*t(d). Let s be r(8). Calculate the greatest common divisor of 24 and s.
12
Let p(j) = 8*j**3 - 7*j**2 + 7. Suppose 21 = 5*c - 4. Let z be p(c). Suppose 0 = -5*i - 157 + z. What is the greatest common factor of 15 and i?
15
Suppose 168 = b + 3. Suppose -19*i + 17*i + 66 = 0. Calculate the greatest common factor of b and i.
33
Let n(h) = -h**3 + 10*h**2 - 9*h + 17. Let g be n(9). What is the greatest common factor of g and 34?
17
Let n(r) = 4*r**2 + r. Let y be n(1). Let f(t) = -3*t**2 + 2*t**2 - t + 2*t**2. Let d be f(y). What is the greatest common divisor of d and 220?
20
Let y(b) = b - 4 - 5*b - 2 + b. Let q be y(-6). Let z be 28/q + 8/12. What is the highest common divisor of z and 27?
3
Let p(g) = -1 - 2*g**3 + 87*g**2 + 5*g - 83*g**2 + 4 + g**3. Suppose -4*c = -c - 12. Let d be p(c). Calculate the highest common factor of 184 and d.
23
Let t = 10 + -7. Suppose 5*o + 4*y = 1041, 0*o = -4*o + t*y + 808. What is the highest common factor of o and 82?
41
Let l(y) = 14*y**3 - y - 1. Let i be l(-1). Let c = -6 - i. Let g = 1296 + -1256. What is the highest common factor of g and c?
8
Let p = -22 + 160. What is the highest common factor of 1242 and p?
138
Suppose -p + 147 - 38 = 4*q, -78 = -3*q + 3*p. Suppose 2*h + 4*v - 44 = 0, v + q = 4*h - 34. Calculate the greatest common divisor of 8 and h.
8
Suppose 3*c - 43 = -r, 2*r - 51 = -0*c + c. Suppose 84 = -5*i + 7*i. What is the greatest common factor of i and r?
14
Suppose -3*j = 5*i - 8*j - 2655, -2*i + 4*j = -1070. Calculate the greatest common divisor of 17 and i.
17
Suppose -k - 5 = 0, 8*k = -5*p + 3*k + 360. Let d(q) = q**2 + 3*q. Let a be d(6). Let x = p - a. What is the highest common divisor of 184 and x?
23
Let h = -15 + 17. Suppose 0 = h*t + t - 12. Let a be 22/(1/t*2). Calculate the greatest common divisor of 11 and a.
11
Suppose 0 = -10*i + 6*i + 312. Let j be (-2)/13 + 324/i. Suppose 3*k - 4*b + 100 = 4*k, j*k - 364 = -4*b. Calculate the greatest common divisor of k and 8.
8
Let s = -12 - -17. Suppose -2*c + 6*c - 48 = -s*t, 2*t = c + 14. What is the highest common divisor of t and 72?
8
Suppose -2*w + 7*y + 140 = 11*y, -4*y - 8 = 0. Suppose -j = 2*j - 111. What is the highest common factor of w and j?
37
Let m = 5 + 4. Let r(z) = 5*z**3 + 37*z**2 - z - 24. Let j be r(-7). What is the greatest common divisor of m and j?
9
Suppose 4*l + 108 = 4*h, 0 = h - l + 5*l - 37. What is the greatest common divisor of 1537 and h?
29
Let a(x) = 9*x - 23. Let y be a(-14). Let c = y + 333. What is the highest common factor of c and 23?
23
Suppose -8*q = 1 - 65. Suppose -4*f - 4*w = -224 - 48, 0 = 4*f - w - 292. What is the greatest common divisor of q and f?
8
Let s be -3 + (-1 + 0 - -6). Suppose s*w = -0*w + 26. What is the highest common divisor of w and 13?
13
Let m be 104/18 - (-30)/135. Calculate the highest common divisor of 16 and m.
2
Let p = 28 + -28. Suppose p = d - 8 - 2. What is the highest common factor of d and 15?
5
Suppose -3*p + 5*k + 24 + 2 = 0, -3*p + 36 = -3*k. Let f be -53*(-4 + -2 + -2). Let c = f - 271. Calculate the highest common factor of c and p.
17
Let c = 186 + -126. Suppose q + q - c = 0. Calculate the greatest common divisor of q and 15.
15
Let s = -254 - -268. What is the highest common factor of s and 266?
14
Let n be 21/(2*1/6). Suppose 4*s = 3*a + 9*s - 33, 0 = 3*a - 5*s - n. Calculate the greatest common factor of a and 176.
16
Let o(d) = 23*d**3 + d**2 - d - 1. Let p be o(1). What is the highest common factor of 154 and p?
22
Let d(u) = 12*u**2 - 7*u - 7. Let j be d(6). Let t be j + -25 + (-2)/(-1). What is the greatest common factor of t and 36?
36
Suppose -5*a + 2*i = -190, -4*i - 200 = -5*a - 0*i. Calculate the greatest common factor of a and 162.
18
Let x be (-13)/(475/494 - (1 + 0)). Calculate the highest common divisor of 104 and x.
26
Suppose 5*b - 360 = 3*b. Suppose 7*r - 72 = b. Calculate the greatest common factor of 324 and r.
36
Let n be 643/4 + (-1)/(-4). Let o be (-6)/(-8)*4 - 0. Suppose t = o*t - 46. Calculate the greatest common factor of n and t.
23
Let q(m) = 4*m - 22. Let o be q(-4). Let k be o*(-2)/6*6/4. What is the greatest common divisor of 76 and k?
19
Suppose -1073 = -4*f - 3*k, -4*f + 6*k + 1049 = k. Let h = 125 - 87. Calculate the greatest common divisor of h and f.
38
Let r(x) = -69*x + 85. Let d be r(-35). Calculate the greatest common divisor of d and 20.
20
Let b = 1361 + -781. What is the highest common divisor of b and 20?
20
Let k(o) = -o**3 + 18*o**2 - 20*o - 6. Let q be k(16). What is the highest common divisor of q and 124?
62
Suppose 0 = -2*w + 4*h + 214, -5*h + 25 = -3*w + 345. Calculate the greatest common factor of w and 273.
21
Suppose 10*a = -923 + 1103. Calculate the greatest common factor of 66 and a.
6
Let v be (12 - 22)/(1 - 3). Let o be ((-33)/9 - -2)*3. Let s be 2/(-5) - 77/o. What is the greatest common divisor of v and s?
5
Let i(n) be the second derivative of -n**4/12 + 11*n**3/6 + 9*n**2/2 + n - 2. Let a be i(11). Calculate the greatest common factor of a and 99.
9
Let a be (0 + 1)/((-8)/16). Let w be 423 + -2*(-3)/a. Suppose 13*s = 9*s + w. Calculate the highest common factor of s and 21.
21
Suppose -72*x + 9600 = -56*x. Calculate the greatest common divisor of 75 and x.
75
Let u be (-2 - -1)/(20/(-1840)). What is the greatest common divisor of 46 and u?
46
Let o = -302 + 327. Suppose 5*k + 168 - 1293 = 0. Calculate the highest common divisor of o and k.
25
Suppose 0*v - 4*v + 1986 = -2*f, 988 = 2*v + 4*f. Calculate the highest common divisor of v and 186.
62
Let y(o) = -2 + 21*o**2 + 2*o + 4*o - 5*o + 2*o**2. Let t be y(-2). Calculate the greatest common factor of 8 and t.
8
Let f be (9/(-4) - -2)/((-1)/12). Let t be f + -5 + 4 + 9. What is the highest common factor of t and 55?
11
Suppose 3*w - 21 = -4*w. Suppose -4*q - 2*j = -195 - 561, 568 = w*q + 2*j. Calculate the highest common factor of q and 47.
47
Suppose 2 = -j + 5, -4*j + 44 = 2*m. What is the highest common divisor of m and 16?
16
Let c(g) = g**3 - g**2 - 11*g + 23. Let s be c(3). Calculate the greatest common factor of s and 248.
8
Suppose p - 2*p - 16 = -5*r, 4*p - 32 = -4*r. Suppose -5*g + 185 - 10 = r*k, 2*g = -2*k + 90. Calculate the greatest common factor of 20 and k.
10
Suppose -f + 2*f - 3 = 0. Let l(m) = 134*m - 1069. Let r be l(8). What is the greatest common factor of f and r?
3
Suppose f - 2*z = -0 + 11, 12 = -4*z. What is the greatest common divisor of f and 5?
5
Suppose -43*n = -14*n - 5481. What is the greatest common divisor of 54 and n?
27
Suppose -2*r - 5*x = -0*x - 585, 4*r - x = 1137. Let d = r - 204. What is the greatest common factor of d and 9?
9
Let f = 1747 + -1645. Calculate the highest common factor of f and 357.
51
Suppose 0 = -3*c + c + 2*w + 78, c + w = 33. What is the highest common divisor of c and 684?
36
Let l = -653 - -713. Calculate the highest common factor of 288 and l.
12
Let i = 25 - 23. Let l = i 